umber?
True
Suppose 4*i - 12 = 0, -3*h - i + 2922 = i. Let b = -553 + h. Is b a prime number?
True
Suppose 538 = 5*s - 1177. Suppose -2*u + r = -659, -2*u - 4*r + s = -u. Is u a composite number?
False
Let f be (-594)/4*-1*2. Suppose 29*r - 25*r = 4. Is (r - -3 - 8) + f a composite number?
False
Let o(m) = -m**2 - 12*m + 33. Let j be o(-14). Suppose 1025 = 5*h + 5*b, -5*b + 1013 = j*h - 3*b. Is h a composite number?
True
Suppose 0 = -806*n + 802*n + 8180. Is n prime?
False
Let q(c) = -7*c + 29. Let x(p) = -4*p + 15. Let o(t) = -2*q(t) + 5*x(t). Is o(-9) a prime number?
True
Is 11859 + 15/((-195)/52) a composite number?
True
Suppose 8*b + 12 - 44 = 0. Let i = -18 - -7. Is (i + b)/(1/(-83)) composite?
True
Suppose 0 = -2*j + j + 32. Suppose d + d - 21 = -3*f, 4*f = 4*d - j. Is 2680/72 + (-2)/d composite?
False
Let w = -1 + 2. Let p = w + 2. Suppose -f - p*f - 16 = 0, 149 = 3*j - 2*f. Is j a prime number?
True
Suppose -5*w + 3*v - 108 = -641, 5*w + 3*v = 527. Is (-424)/w - 2/((-4)/7222) a composite number?
False
Suppose 3*w = 4*f - 6833, -w - 129 - 1579 = -f. Is f composite?
False
Suppose 7*o = 2*o. Let y be (17 - 17)/(o + -3). Suppose y = 2*m - 107 - 191. Is m composite?
False
Let u = 2 - -5. Let q = u + -5. Is (-279)/(-21) - q/7 composite?
False
Suppose -38 = -5*t + 2*m + m, 4*m - 26 = -t. Let x = t + -5. Suppose g + 1653 = x*p - g, 3*p - 983 = -g. Is p composite?
True
Let o = -231 - -346. Is o composite?
True
Is ((-160)/192)/((-1)/11406) composite?
True
Is ((3 - (-5 + -1466)) + 3)/1 composite?
True
Let v(w) = 30*w - 12. Let g(f) = -29*f + 11. Let p(q) = -7*g(q) - 6*v(q). Suppose 0 = -70*n + 18*n + 208. Is p(n) a composite number?
True
Let p = 247 - 69. Let y(t) = -t - 2. Let f be y(-2). Suppose s - 3*s + p = f. Is s prime?
True
Suppose t - 4*h - 8881 = 0, 5*t + 4*h - h = 44474. Is t prime?
True
Is (0 - (-683 + 4))*1 prime?
False
Is (1/(6/16518) - -2) + -6 composite?
False
Let l = 189 + -323. Let v = -40 - l. Suppose -5*o + 2*s = s - 392, o - v = -5*s. Is o a composite number?
False
Let b(x) = 3*x**2 - 12*x + 14. Let y = 62 + -26. Let u = y + -26. Is b(u) composite?
True
Suppose -2*m - 356 = -6*m. Suppose 0 = -3*j + 350 - m. Is j a prime number?
False
Let s be (-37444)/(-3) + 3/(-8 - 1). Is 1*(-3 - -2)/((-7)/s) composite?
False
Suppose -3*z + 2571 = 4*w, 5*z = -2*w + 209 + 1080. Let i(v) = 2*v**2 - 11*v - 17. Let k be i(7). Suppose 2054 = k*o + w. Is o a composite number?
False
Let d be (-681)/(-18) - 3/(-18). Let p = -9 + d. Let m = p - -45. Is m composite?
True
Let l = 14 - 9. Suppose 3*b = -4*u + 2212, -5*b + 3*b = -l*u + 2765. Is u a composite number?
True
Suppose -5*m + 6 = 4*c - c, -m + 4*c = -15. Suppose 755 = 3*z - 2*w, -198 - 49 = -z + m*w. Is z composite?
True
Suppose -4*i = m - 1439, 3*i - 3*m = 4*i - 368. Is i a composite number?
False
Let t be 144/81 + 4/18. Suppose 3*i - 429 = -3*j, 3*j - t*i - 425 = -7*i. Is j - (0/3)/4 a prime number?
False
Let t(o) = -o**2 + 5*o + 3. Let u be t(5). Let x = 157 - 91. Let b = u + x. Is b prime?
False
Is (-67083)/(-15) + (72/5)/(-12) a composite number?
True
Suppose -3*p = 2*p - 825. Let j = p + 152. Is j composite?
False
Is (207981/(-54))/(4/(-136)) composite?
True
Let d be (-12)/9*318/(-4). Let k = d + -54. Suppose l - k = 325. Is l a composite number?
True
Let c be (9/3 - -4)/(-1). Let w(y) be the third derivative of y**6/120 + 4*y**5/15 - y**4/8 + 7*y**3/6 + 2*y**2. Is w(c) composite?
True
Suppose 0 = h - 3, -h - 6 = -4*i - 3*h. Suppose i*k = 5*k + 4*q - 373, -379 = -5*k - 2*q. Is k prime?
False
Let c = 27 + -43. Is 4*(-4)/c - -552 a composite number?
True
Suppose 0 = 3*u - 15, -4*g + 6063 = -2*g - u. Suppose 2*o + 3*i + g = 3*o, 0 = 5*o - 4*i - 15181. Is o a composite number?
False
Suppose 2*z - 2666 - 1226 = 2*u, 0 = -2*z - u + 3907. Is z a prime number?
True
Let v(g) = -2*g + 1. Suppose 2*r - 4*w + 16 = -2, 0 = 5*r - 2*w + 5. Let h be v(r). Is 863 + 0 + 3 + h a composite number?
True
Let v be 25/9 + 6/27. Suppose 0 = 4*h + 3*i + v, -5*h - 4*i = -3*i - 10. Suppose -t - 5*g + 401 = 0, 2*g - 1147 = -h*t + g. Is t prime?
False
Suppose 1 = 2*z - 13. Let u(r) = -r**3 + 10*r**2 + 7*r - 11. Is u(z) prime?
False
Suppose -3*h = 1 - 7. Suppose -3*k = h*k - 16570. Let s = k + -2335. Is s a prime number?
False
Suppose -3*j + 24006 = -0*w - 3*w, -4*j + 32032 = 4*w. Is j a prime number?
False
Let j(b) be the third derivative of -5*b**4/8 + 11*b**3/6 + 11*b**2. Let n = 23 + -35. Is j(n) composite?
False
Let u(h) = -h**2 + 4*h + 12. Let w be u(6). Suppose w = x + x. Suppose x = p, -89 + 216 = n - 2*p. Is n a prime number?
True
Suppose -b + 1999 + 5302 = 2*x, 0 = -2*b - 3*x + 14599. Is b a prime number?
False
Let a = 10 - 5. Suppose -7*m + 434 = -a*m. Is m composite?
True
Suppose -z = -v - 0*z + 6, -5*z = -2*v + 24. Suppose v*s = 7*s - 14395. Is s a composite number?
False
Let t = 26719 - 14400. Is t a composite number?
True
Is (-3219645)/(-88) + ((-15)/24)/(-5) a composite number?
False
Let m(t) be the first derivative of t**5/20 + 17*t**4/24 + 11*t**3/6 - 5*t**2/2 + 5. Let r(i) be the second derivative of m(i). Is r(-11) a prime number?
False
Let v(t) = 32*t**3 - 3*t**2 + 3*t + 6. Is v(4) a composite number?
True
Suppose -y = -68 + 584. Let x = -249 - y. Suppose -1353 + 560 = -3*n + q, -q = -n + x. Is n prime?
True
Let n(h) = 599*h**2 - 106*h - 8. Is n(5) prime?
True
Let c(m) = m**2 - 6*m + 141. Let x be c(0). Let q = -3 + 5. Suppose 37 = q*n - x. Is n a prime number?
True
Suppose 41*o - 294 = 39*o. Let k(z) = -z**2 + 2*z + 1. Let u be k(3). Is u + 4 + -4 + o prime?
False
Suppose 37333 = 3*i + 4*g, 10*i - 49829 = 6*i + 5*g. Is i a prime number?
True
Let p = -1510 + 4457. Is p/6 + 6/(-36) a composite number?
False
Let t = -9 - -12. Let r = 9 - t. Suppose 5*w + 442 = 2*m, -5*m - r*w = -w - 1035. Is m composite?
False
Suppose 0 = -4*k, -2*s + 4*k + 0*k = 4. Is (-1)/s - -1 - (-5052)/8 a composite number?
True
Let z(j) = j - 11. Suppose 4*u = 6*u - 18. Let r be z(u). Let d(w) = -33*w + 3. Is d(r) a composite number?
True
Suppose 2*d - 5*i = 899, d + d + i - 893 = 0. Is d composite?
True
Let p be (-2 - -4)*95/(-10). Let b = -19 - p. Suppose b = -3*w - 4*j + 667, -2*w - 3*j + 437 = -8*j. Is w a composite number?
True
Is (-30)/(-40)*30036/9 a composite number?
False
Let r be 4/22 + 6/((-330)/(-51635)). Suppose -g = -n + 1366, n + g - r = 417. Is n a prime number?
True
Is (-1)/4 + 110910/24 a prime number?
True
Let k(t) = -t**2 - 19*t - 50. Let q be k(-16). Let y(b) = -346*b**3 + 5*b**2 + 4*b - 1. Is y(q) a prime number?
False
Suppose 4*r = 4*f + 6640, -4*r - 3*f + 4634 = -1971. Is r a prime number?
False
Let k = 40 - 43. Let w = 7 + k. Suppose -356 = -4*d + 4*o, -3*d = -4*d - w*o + 69. Is d a prime number?
False
Let z be ((-20)/(-8))/((-1)/(-2)). Suppose 0 = z*o - 3*q - 2439, 5*o + q + q - 2449 = 0. Is o prime?
False
Let p(b) = 3*b - 9. Let h be p(6). Suppose -276 = -h*n + 2001. Is n prime?
False
Let v(i) = 11*i**3 - 44*i**2 - 11*i + 39. Let h(o) = 7*o**3 - 29*o**2 - 7*o + 26. Let z(n) = -8*h(n) + 5*v(n). Is z(8) composite?
False
Suppose 5*g = -1 + 11, 4*g = o - 774. Let i = -504 + o. Let d = 159 + i. Is d prime?
False
Is 5 + (1 + 3787 - 0/15) a composite number?
False
Let h(g) = g**3 + g**2 - 2*g + 97. Suppose -3*p + 15 = 5*s, 4*s - 6*s + 6 = -2*p. Is h(p) prime?
True
Suppose -u + 20*b - 15*b = -11391, -4*b = 3*u - 34097. Is u a composite number?
True
Let q = 25 - 20. Suppose 4*x + 8 = -o + 3*x, o + q*x + 24 = 0. Is (58/6)/(o/(-84)) composite?
True
Let n(m) = m**3 + 2*m**2 - 4*m + 3. Let b be n(2). Suppose -c = 5*x + b, -c + 5*x = -5 - 24. Suppose -8*v = -c*v + 46. Is v a composite number?
True
Let t(h) = 76*h**3 - h**2 + h + 2. Let u be t(2). Suppose 0 = -4*d - u + 1836. Suppose n - 6*n + 695 = 2*j, 2*n - d = 5*j. Is n a prime number?
False
Suppose -u + 2058 = 4*a, 3*a + 480 - 2018 = 2*u. Suppose -2*t - 236 = a. Let w = t - -560. Is w a prime number?
False
Let j(h) = 1014*h + 305. Is j(19) composite?
False
Let n be ((-12)/(-5))/((-22)/(-55)). Suppose 3*z = n*z - 1011. Is z a composite number?
False
Let v = 3 - 3. Suppose v = -m + 3*a + 1 - 5, 3*m + 3*a = 12. Suppose m*y = 3*y - 46. Is y composite?
True
Let u(d) = -1900*d**3 + d**2. Let l be u(-1). Let c = -954 + l. Is c a composite number?
False
Let g(f) = 